number?
False
Is 147827 prime?
True
Is 515107 composite?
True
Is 27361 prime?
True
Is 6619 a composite number?
False
Is 14479 prime?
True
Is 39889 a prime number?
False
Is 264053 prime?
True
Is 5433 a composite number?
True
Is 616459 a prime number?
True
Is 60539 a composite number?
False
Is 125997 a prime number?
False
Is 154543 composite?
False
Is 13835 a composite number?
True
Is 765851 composite?
False
Is 201466 composite?
True
Is 1173493 a composite number?
True
Is 1361 prime?
True
Is 62026 prime?
False
Is 28513 prime?
True
Is 62519 composite?
True
Is 204641 a composite number?
False
Is 77681 composite?
False
Is 321289 prime?
True
Is 4271 composite?
False
Is 110089 a composite number?
True
Is 134171 prime?
True
Is 8501 prime?
True
Is 2497129 prime?
True
Is 7789 composite?
False
Is 32531 a prime number?
True
Is 1019042 prime?
False
Is 14215 composite?
True
Is 75907 a composite number?
True
Is 1389707 prime?
False
Is 98671 a prime number?
False
Is 26131 prime?
False
Is 45707 a prime number?
True
Is 1418 a composite number?
True
Is 18119 a prime number?
True
Is 5789 a composite number?
True
Is 138053 a composite number?
False
Is 11359 a prime number?
False
Is 6643879 prime?
False
Is 111145 composite?
True
Is 50333 a prime number?
True
Is 19587 a prime number?
False
Is 32687 prime?
True
Is 3761 composite?
False
Is 2351671 composite?
True
Is 7427 prime?
False
Is 75479 a composite number?
False
Is 6243 a prime number?
False
Is 32443 a prime number?
True
Is 27941 a prime number?
True
Is 28711 composite?
False
Is 152909 a composite number?
False
Is 9091 composite?
False
Is 351217 composite?
False
Is 232031 composite?
True
Is 569417 prime?
True
Is 33287 a prime number?
True
Is 54253 a prime number?
False
Is 62851 a prime number?
True
Is 193741 a composite number?
False
Is 4163 a composite number?
True
Is 435947 a prime number?
True
Is 4623457 a composite number?
False
Is 137023 composite?
True
Is 433327 a prime number?
False
Is 513589 a prime number?
False
Is 882061 composite?
False
Is 6443 prime?
False
Is 140129 composite?
True
Is 6731 composite?
True
Is 601079 a composite number?
False
Is 25021 a prime number?
False
Is 15569 a prime number?
True
Is 11959 a composite number?
False
Is 1860929 composite?
True
Is 117751 composite?
False
Is 12458 prime?
False
Is 78157 a prime number?
True
Is 105349 composite?
True
Is 384817 composite?
False
Is 2929 a composite number?
True
Is 250421 a prime number?
False
Is 96847 prime?
True
Is 363283 prime?
False
Is 3394301 prime?
True
Is 4547 composite?
False
Is 302213 composite?
False
Is 6187 composite?
True
Is 325762 a composite number?
True
Is 75657 a prime number?
False
Is 18961 prime?
False
Is 47417 prime?
True
Is 121321 a composite number?
False
Is 4092029 composite?
False
Is 24785 a prime number?
False
Is 35897 a prime number?
True
Is 60785 composite?
True
Is 1093381 a prime number?
True
Is 184747 prime?
False
Is 266821 a composite number?
False
Is 29317 a composite number?
True
Is 31877 prime?
False
Is 1127446 composite?
True
Is 15559 prime?
True
Is 24901 prime?
False
Is 51007 prime?
False
Is 4621 a composite number?
False
Is 23189 composite?
False
Is 206383 a composite number?
False
Is 712409 composite?
False
Is 85 prime?
False
Is 171061 composite?
True
Is 8509 a composite number?
True
Is 60373 a composite number?
False
Is 1121581 composite?
True
Is 22409 a composite number?
False
Is 16631 prime?
True
Is 2085469 a prime number?
True
Is 114571 composite?
False
Is 210793 composite?
True
Is 212899 a composite number?
True
Is 8887 a composite number?
False
Is 247523 a composite number?
True
Is 606457 a composite number?
True
Is 12313 a prime number?
False
Is 662179 prime?
False
Is 701 prime?
True
Is 1618129 composite?
False
Is 27673 composite?
False
Is 202799 composite?
False
Is 3343 a prime number?
True
Is 182123 a composite number?
False
Is 7069 composite?
False
Is 41047 a prime number?
True
Is 1916977 prime?
True
Is 665531 composite?
True
Is 233701 prime?
False
Is 409577 composite?
True
Is 3004594 prime?
False
Is 801791 a prime number?
True
Is 358483 a composite number?
False
Is 714031 a prime number?
False
Is 55 composite?
True
Is 27179 a composite number?
False
Is 44413 prime?
False
Is 6529 a prime number?
True
Is 255389 prime?
False
Is 170657 composite?
True
Is 42971 prime?
False
Is 1903 a composite number?
True
Is 34321 a composite number?
True
Is 35821 prime?
False
Is 59091 a prime number?
False
Is 251 a prime number?
True
Is 35863 a prime number?
True
Is 10007 composite?
False
Is 745 prime?
False
Is 90271 a prime number?
True
Is 1524111 composite?
True
Is 51971 prime?
True
Is 34199 a prime number?
False
Is 41461 prime?
False
Is 886511 a composite number?
False
Is 1082017 a composite number?
False
Is 264731 a composite number?
False
Is 1422263 a composite number?
True
Is 21849 prime?
False
Is 19289 a composite number?
False
Is 34807 a prime number?
True
Is 164363 a prime number?
True
Is 89791 a composite number?
True
Is 124213 composite?
False
Is 42491 prime?
True
Is 76031 a composite number?
False
Is 27887 composite?
True
Is 61709 composite?
True
Is 70259 prime?
False
Is 1723 a composite number?
False
Is 8009 a prime number?
True
Is 16963 composite?
False
Is 419 composite?
False
Is 205419 composite?
True
Is 321411 composite?
True
Is 1277 prime?
True
Is 1865813 a composite number?
True
Is 877 a prime number?
True
Is 7071 a prime number?
False
Is 44201 a composite number?
False
Is 249181 a prime number?
True
Is 3817 composite?
True
Is 22051 a composite number?
False
Is 21839 a composite number?
False
Is 49097 a composite number?
True
Is 172687 composite?
False
Is 42589 composite?
False
Is 16481 a composite number?
False
Is 68659 a composite number?
False
Is 9977 prime?
False
Is 2447593 a composite number?
True
Is 6743 a composite number?
True
Is 464431 a prime number?
False
Is 31701 prime?
False
Is 17585 composite?
True
Is 99013 composite?
False
Is 234251 composite?
True
Is 907 prime?
True
Is 708902 a prime number?
False
Is 2548615 composite?
True
Is 554783 a composite number?
True
Is 530429 a prime number?
True
Is 2569 prime?
False
Is 8567 a composite number?
True
Is 2237 a prime number?
True
Is 30161 composite?
False
Is 556267 a prime number?
True
Is 63997 a composite number?
False
Is 3711 a composite number?
True
Is 154471 composite?
True
Is 1963237 prime?
False
Is 3223 composite?
True
Is 40009 a composite number?
False
Is 51586 composite?
True
Is 125393 composite?
True
Is 383869 composite?
False
Is 10831 prime?
True
Is 9997 prime?
False
Is 6491 a prime number?
True
Is 14141 a composite number?
True
Is 24133 a prime number?
True
Is 27143 composite?
False
Is 55619 prime?
True
Is 116673 a composite number?
True
Is 6612391 composite?
False
Is 11993 a composite number?
True
Is 5737 prime?
True
Is 13711 composite?
False
Is 29053 composite?
True
Is 444701 prime?
True
Is 17183 a prime number?
True
Is 18101 a composite number?
True
Is 12659 a prime number?
True
Is 159179 a prime number?
True
Is 1733 a composite number?
False
Is 849917 a prime number?
True
Is 221363 composite?
True
Is 37795 prime?
False
Is 10007 prime?
True
Is 3085 prime?
False
Is 4303 composite?
True
Is 42299 prime?
True
Is 1087 composite?
False
Is 18058 composite?
True
Is 28007 prime?
False
Is 5873 a composite number?
True
Is 80537 a composite number?
False
Is 18553 a composite number?
False
Is 8495 a prime number?
False
Is 2603 a composite number?
True
Is 58253 composite?
True
Is 9127 prime?
True
Is 249631 composite?
True
Is 117901 prime?
False
Is 401111 a prime number?
False
Is 3845811 composite?
True
Is 6067 prime?
True
Is 129821 a composite number?
True
Is 392969 composite?
False
Is 309957 a composite number?
True
Is 3457 a prime number?
True
Is 18481 composite?
False
Is 1445341 prime?
True
Is 8279 composite?
True
Is 923 a prime number?
False
Is 24853 prime?
False
Is 12895 a prime number?
False
Is 21767 a composite number?
False
Is 14185 a composite number?
True
Is 1671 composite?
True
Is 517 composite?
True
Is 108886 prime?
False
Is 787 prime?
True
Is 257695 a composite number?
True
Is 306523 prime?
False
Is 5227 composite?
False
Is 197203 composite?
False
Is 152455 prime?
False
Is 1211 a prime number?
False
Is 1427923 a composite